 -5
-5
Calculate 0 + -1 + (-2 - -7).
4
What is (20 - 17) + -7 + 0 + 1?
-3
What is (7 - 0) + 35 + -39 - -3?
6
What is the value of 11 - 17 - 2 - (-2 + -3)?
-3
Calculate (3 - -8) + -3 + 0.
8
What is the value of -82 + 84 - (4 + 1)?
-3
Evaluate -7 + -3 + -1 + 4 - 3.
-10
What is the value of (-22 - -4) + -30 + 43?
-5
Evaluate -3 - (2 + -5 + 2 + -2).
0
-7 + 4 + 2 + 0
-1
What is 6 + -7 + 4 - 2?
1
Calculate -2 - (2 - 2) - -10 - 3.
5
(-12 - -16) + (0 - -1) + -2
3
What is -4 + 11 + -17 - -13?
3
14 + -14 - (-1 + 1 + 1)
-1
Calculate (3 + -3 - -4) + 0 + 0.
4
-8 - (-24 - (-6 + -6))
4
-3 + 3 + (2 - 3)
-1
Evaluate 8 - 1 - (3 - 0).
4
What is 0 + -1 + 4 + -8?
-5
What is the value of 0 - (4 + -1 + -2)?
-1
Evaluate 4 - (-3 + 2 + -2 + 2).
5
Evaluate 1 - (-1 + -8 + 7).
3
(0 - 0) + -9 + 13 - 6
-2
Calculate 5 - (7 - (2 + 3) - 1).
4
Calculate -6 + (-10 - (-29 + 10)).
3
What is 5 + 0 + -6 + 3?
2
What is the value of (-6 - (-11 - -7)) + 1 + -2?
-3
(3 - 5 - -2 - -3) + 1
4
Calculate -8 - (1 + (1 - 6)).
-4
Evaluate -16 + (23 - (8 + 7)).
-8
What is the value of 1 - (3 + -3 + -1) - -1?
3
What is 0 + (1 - 4) + 7?
4
-2 + (4 - 5) - -1 - 1
-3
What is -12 - (-14 - (-3 - -3))?
2
-7 + 7 + -4 + 7
3
What is (6 - 2) + (0 - 1) + -2?
1
Calculate (0 - 8) + 4 + 5.
1
6 + -12 + 10 - (0 + 5)
-1
Calculate 0 + (-3 - (-4 + -3)).
4
What is (-1 - 2) + -3 - (7 + -8)?
-5
Evaluate (-3 - -3) + 2 + 0.
2
0 - (-2 + 3 + 1) - -4
2
Evaluate 5 + -10 + 1 - 1.
-5
What is the value of (-61 - -56) + (9 - (0 + 1))?
3
(3 - 3) + -2 - 2
-4
Calculate (-32 - -36) + (0 - 4) + 5.
5
7 + (-21 - -12 - 1)
-3
What is the value of -4 - (-2 - (-1 + (1 - 2)))?
-4
-1 + -4 + 2 - (-50 + 43)
4
Calculate 1 + (15 - -2) + -6 + -2.
10
What is (4 + -4 - -4) + -3 + 2?
3
What is -7 + (4 - (-13 + 5 - -7))?
-2
What is 2 + 2 + -4 + 4?
4
Calculate -7 + 8 + -8 - -12.
5
-12 + 21 + 0 + -11
-2
Evaluate (-3 - (-9 + 0)) + -5.
1
Calculate (-3 - (9 - 6)) + 10 + -4.
0
(2 - -1 - -1) + -1
3
What is the value of 2 - (7 + 0) - 3 - -3?
-5
What is (-12 - -12) + (1 - 6) - -3?
-2
-9 + -8 - (1 - 13)
-5
What is the value of 16 + (-2 - (22 + -9))?
1
Evaluate 8 + -9 + 7 + -13.
-7
What is 4 + -1 + 69 + -69?
3
-3 + (9 + -12 - (-11 + 1))
4
Calculate (0 - (0 - -2)) + -14 + 13.
-3
Calculate 10 + (-10 + 13 - 4).
9
What is (1 + 0 - 1) + (3 - 6)?
-3
Evaluate 10 - 14 - (1 + -3).
-2
What is (-2 - 1) + 1 + -11 + 11?
-2
(12 + -7 - 6) + -5
-6
What is 7 - (-3 + 9) - 8?
-7
What is 5 + -2 + -1 + -2 - 4?
-4
What is the value of 3 + (-4 - -5 - (0 + 4))?
0
What is 1 - ((1 - -2) + -5)?
3
What is the value of 107 + -114 + (8 - 0)?
1
Calculate (5 - 3) + 3 + 1.
6
Calculate (3 - (-8 + 6)) + -7.
-2
What is the value of (5 - 1) + 6 + -10?
0
What is (-10 - -1) + 5 + -5?
-9
Calculate 9 - (1 + 6 - (-5 - -7)).
4
-1 + 1 + (105 - 109)
-4
(-1 - 4 - -5) + (-6 - -1)
-5
What is (-13 - -11) + (2 + -2 - 3)?
-5
What is 4 + -9 + (-2 - (-3 + -1))?
-3
Evaluate (-16 - -2) + 7 + -4 + 7.
-4
Evaluate 5 - (-3 - -9) - -3.
2
Evaluate 16 + -9 + 2 + -8 - 3.
-2
What is 0 - (8 + -7) - (0 + 8)?
-9
6 - (5 + 2 + -7 + 0)
6
Evaluate -14 + 6 + 3 + 5.
0
What is the value of -2 + 2 + (3 - 3) + -7?
-7
3 + (-4 - -3) + 2
4
What is -1 - 1 - (1 + -2 + -2)?
1
What is -2 - (6 + (1 - (-4 - -6)))?
-7
Calculate -1 - -6 - (48 + -42).
-1
What is 3 + (3 - 4) - -3?
5
Evaluate 7 + (-5 - 7) + 6.
1
What is (-4 - -12) + -15 + 6?
-1
Calculate 2 + -2 + 2 + -4.
-2
Evaluate 14 - (9 - -4 - -5).
-4
What is -1 - (27 + -23 + -1 + 0)?
-4
What is 14 - (3 + 9) - (0 + -7)?
9
3 - ((7 - 4) + -2)
2
Calculate 2 + -5 + 3 + 1.
1
1 - (1 - (-3 - (0 - 2)))
-1
Calculate -8 - (-5 + -4) - (0 + -4).
5
Calculate 1 + -1 - (-22 - -21).
1
Calculate 11 + -10 + (-2 - 1) + -2.
-4
What is -13 - -16 - (0 + -1) - 3?
1
5 - (-4 - -5 - 1)
5
Calculate -3 - -6 - (5 - -3).
-5
Evaluate 4 + -6 + (2 - (-1 - -2)).
-1
What is the value of (-5 - -11) + -5 - -4?
5
Calculate 0 - (6 - (4 - 3)).
-5
What is (0 - 2) + (3 + -4 - -2)?
-1
What is (0 + 4 + -3 - 3) + 5?
3
What is the value of (6 - (4 - -5)) + -1?
-4
(-2 - -13) + (-36 - -24)
-1
What is -17 + 21 - ((2 - 3) + 3)?
2
What is 1 + (-1 - (0 - -2 - -3))?
-5
Evaluate 5 + (3 - (10 - 9)).
7
Evaluate 1 - (-2 + 0) - 4.
-1
What is the value of 1 + 2 + -2 + 2 - 1?
2
Evaluate -1 - 8 - (4 - (21 + -5)).
3
What is the value of -1 - (0 - -5) - (-5 - -3)?
-4
What is the value of ((0 - -3) + 0 - 5) + -2?
-4
What is 0 - ((6 - 10) + 0 + 0)?
4
-2 + -5 - (2 - 5) - 3
-7
What is the value of -4 + (-8 - -10 - (7 - 1))?
-8
-4 + -4 + 3 + 1 + -1
-5
Evaluate (-4 + 3 - -4) + (0 - 4).
-1
What is (-3 - -1) + (4 - 6) + 1?
-3
What is (-7 - (3 - 18)) + -10?
-2
Evaluate 8 - (9 - (-4 - -4)).
-1
What is the value of 2 + -2 - (-6 + 8 - 8)?
6
What is the value of -1 - (9 - (-8 - -10))?
-8
(-2 - 5) + (-28 - -32)
-3
Evaluate (-3 - 2 - 4) + 4.
-5
10 - (14 - ((-3 - -3) + 7))
3
What is the value of (6 - (4 + -5)) + -3?
4
(5 + (2 - 7) - -7) + -3
4
Evaluate 0 + (-3 - (-18 + 6)) + -7.
2
What is -4 + -3 - (-2 - 11)?
6
What is the value of 4 + 1 - (-1 - -2)?
4
What is the value of -9 - (-4 - -4 - 4)?
-5
Calculate -10 + -8 + 13 + 2.
-3
-1 - (-16 + (-7 - -14))
8
Evaluate -12 + (-4 - -14) - (0 + 4).
-6
Calculate (2 + -6 - (2 + -1)) + 3.
-2
Evaluate -6 + (5 - (2 + -2 + 4)).
-5
Calculate (-2 - (-8 + 14)) + 5.
-3
What is the value of -4 + (0 + -4 - -9) - -3?
4
Evaluate 0 + -4 + 1 - (-43 + 40).
0
Evaluate 38 + -49 + 0 + 5 + 2.
-4
What is (8 - (-6 + 7) - 7) + 1?
1
(-2 - 5) + -16 + 16
-7
Calculate -2 + 1 + -2 + -1.
-4
Evaluate (1 - -1) + 14 + -13.
3
Evaluate (-2 - -1) + -24 + 25.
0
0 + 4 + (-22 - -10)
-8
6 - -1 - (-19 + 22)
4
4 + (5 - 4) + -4
1
What is the value of -1 + 1 + 6 + -3?
3
Calculate (-5 - 0) + 1 + -4 + 3.
-5
-6 - (-1 + (-7 - -7) + -4)
-1
Evaluate -12 - -12 - (-3 - -1).
2
What is -37 + 45 - (-2 + 0)?
10
(3 + 8 - 5) + 1 - 8
-1
(1 + -9 - 7) + 8
-7
12 - 16 - (0 + 0)
-4
185 + -180 - (0 + -3)
8
What is the value of -4 + (5 - 5 - (-1 - 1))?
-2
(4 - -4) + (-6 - (1 - 3))
4
Calculate (4 - 4) + 6 - (-2 - -3).
5
What is the value of 0 + (-1 - 5 - -5)?
-1
-4 - (-4 + 9 + -4 + -6)
1
(0 + 12 - 13) + 9
8
Calculate 31 - 18 - (8 + 0).
5
What is the value of -7 + 5 + 1 - 1?
-2
What is 0 - 2 - (8 - (8 - 4))?
-6
What is the value of 5 + -3 - (-17 + 10)?
9
-9 - (5 + -4) - -9
-1
What is 3 - (2 - 3) - (0 - -13)?
-9
Calculate 0 + 1 + (7 - 15) + 6.
-1
What is the value of 42 + -37 + -6 + -1 + 0?
-2
Calculate (-17 - -27) + (-10 + 2 - -3).
5
Calculate (6 - (2 + 0)) + (-1 - 1).
2
Evaluate 6 - (6 + -1 - (9 - 1)).
9
Evaluate -1 + -7 - (4 - (-4 - -11)).
-5
What is 3 - (2 + 0 + -3)?
4
Evaluate 10 + -1 - 11 - 4.
-6
What is -1 + -6 - (-3 + 0) - 1?
-5
What is the value of (0 - -5) + 0 + 0?
5
Evaluate 19 - (20 + (-17 - -7)).
9
Evaluate 2 + 1 + -3 - 2 - -7.
5
Evaluate 12 - (0 + -7 - -7) - 5.
7
Calculate -3 - -3 - (-33 + 40).
-7
Evaluate -5 - (-1 + (5 - 2)).
-7
Calculate 9 + (1 - 6) - (0 + -1).
5
-6 + 7 + -8 + 13
6
What is the value of -3 - (-3 + 2 + -5)?
3
What is the value of -1 + (4 - -1) + -6 + -2?
-4
Calculate 5 + -3 + 0 + 4 + -2.
4
Calculate (10 - 0) + (17 - 24).
3
35 + -36 - (-7 - -1)
5
What is the value of (1 + 0 - (47 - 32)) + 6?
-8
Calculate -2 - 2 - (-8 + -1 - -8).
-3
What is the value of 0 + 1 + -1 + 1 + -2?
-1
Calculate -1 + 0 + 7 + -1.
5
What is -9 - (-7 + (-10 - -12))?
-4
Calculate 0 - 2 - ((2 - 0) + -3).
-1
What is 0 + 3 + -3 + 0 - 2?
-2
Calculate -1 - (5 + -4) - 0.
-2
Evaluate 7 + -1 + (13 - 18).
1
Calculate (1 - 2) + (10 - 1).
8
Evaluate -13 + -7 + 11 - -19.
10
What is the value of -5 - (-3 + 3 + -9)?
4
Calculate 1 + (-5 - (-4 + 1)) - -5.
4
What is the value of 0 - (-7 - (4 - -1 - 7))?
5
Evaluate 12 + 0 + 2 - 9.
5
Evaluate (-25 - -17) + (8 - 0) - -7.
7
What is -10 + -2 - -1 - -5?
-6
What is -6 + -3 + 15 - 5?
1
4 - ((4 - -8) + -8) - 1
-1
What is the value of (-4 + -6 - (2 - 8)) + 3?
-1
Calculate -6 + 2 + 11 + -5 + -4.
-2
What is the value of 1 + (-7 - -6) - (2 + -3)?
1
(-1 - 7) + (20 - 20) + 5
-3
What is the value of (-10 - 0) + (0 - -7)?
-3
What is (34 - 37) + 0 + -1 + 1?
-3
What is the value of (-6 + 3 - -9) + -7?
-1
Evaluate 8 - (3 + (2 - 6) - -4).
5
-5 - (-14 - (0 - 8))
1
1 + 6 + -15 - -2 - -9
3
Evaluate (2 - 0) + -3 + 2 - 4.
-3
7 + 6 + -19 + 0
-6
What is the value of -8 - (-4 + 1 - 1)?
-4
What is -4 + (-4 - -5) - -8?
5
Evaluate 4 - (-9 + 15 + -8).
6
Calculate -2 + -3 + 9 - 3.
1
What is 6 + -14